 - -1122121?
1120200
In base 6, what is -55103 + -212?
-55315
In base 13, what is -2cba + 51?
-2c69
In base 3, what is -1 + 122120222?
122120221
In base 7, what is -46 + -1436?
-1515
In base 15, what is 84ed - 5?
84e8
In base 8, what is -156 + -2015?
-2173
In base 11, what is 22 + 21a6?
2218
In base 3, what is -11021211 + 10101?
-11011110
In base 3, what is 122000 - 20212102?
-20020102
In base 16, what is 847 + -37?
810
In base 8, what is 7055 + 3?
7060
In base 3, what is 10011 - 22?
2212
In base 9, what is -4053 + 27?
-4025
In base 13, what is 3 + -5981?
-597b
In base 15, what is 5 + 91be?
91c4
In base 15, what is 8 - 2d27b?
-2d273
In base 12, what is 5 - -6581?
6586
In base 12, what is 4 - -10788?
10790
In base 8, what is 206 + 2?
210
In base 15, what is -251a - 10?
-252a
In base 11, what is -14 + 26439?
26425
In base 9, what is 103388 - -4?
103403
In base 6, what is -3113350 - -3?
-3113343
In base 5, what is 113411 + -13?
113343
In base 7, what is 1613 + 15?
1631
In base 13, what is 77a + -22?
758
In base 13, what is 11 + 173b34?
173b45
In base 6, what is 100434525 + -1?
100434524
In base 14, what is 5 - -8409?
8410
In base 6, what is -14 - 50153?
-50211
In base 15, what is 21 + -146?
-125
In base 8, what is -60 + 1373?
1313
In base 12, what is 10 + 23b?
24b
In base 8, what is -66763 - 4?
-66767
In base 7, what is -31 - -333?
302
In base 14, what is 21 - 33b?
-31a
In base 3, what is -11011210200120 + -2?
-11011210200122
In base 15, what is 23ee + -e8?
2306
In base 16, what is 69a4 + -23?
6981
In base 11, what is -5 - 1417a?
-14184
In base 6, what is 3 - 1435431?
-1435424
In base 12, what is 43 + -5526?
-54a3
In base 16, what is 8f8d + -b?
8f82
In base 16, what is 39f - 2c?
373
In base 15, what is 502 - e7?
40a
In base 10, what is -56 + -656?
-712
In base 16, what is -365e - 1ef?
-384d
In base 15, what is 7 + b3cbe?
b3cc6
In base 8, what is -434 - 1666?
-2322
In base 8, what is 5 + -12313?
-12306
In base 14, what is -18 - -c5d?
c45
In base 2, what is 100 - 1101111101010010000?
-1101111101010001100
In base 4, what is -12 - -1210003?
1203331
In base 2, what is 101000111 + 11001101?
1000010100
In base 13, what is -2458 - -a0?
-2388
In base 13, what is -2cc60 + -1?
-2cc61
In base 7, what is -10530 + -105?
-10635
In base 6, what is -1023 + 250?
-333
In base 16, what is 1a33 - -42?
1a75
In base 4, what is -2010203 - -103?
-2010100
In base 6, what is 1033301 - 11?
1033250
In base 9, what is 2 - 140275?
-140273
In base 2, what is -10 - -1010111101010100?
1010111101010010
In base 2, what is 101101010010001 + -10?
101101010001111
In base 9, what is -6053 + -11?
-6064
In base 12, what is -4546 - -104?
-4442
In base 2, what is 101000 + 11100111?
100001111
In base 14, what is -45a - 4d8?
-954
In base 9, what is 107 + -43372?
-43264
In base 10, what is -3 + 184999?
184996
In base 2, what is -101 - -101001110100100?
101001110011111
In base 2, what is 1011010111 + 11011000001?
100110011000
In base 13, what is -760 - -62?
-6cb
In base 10, what is -14434 + -7?
-14441
In base 5, what is 20433 - 111?
20322
In base 10, what is 323 + 54?
377
In base 15, what is -6 - -b65?
b5e
In base 15, what is 5 + 76a5?
76aa
In base 10, what is 18 + -24977?
-24959
In base 9, what is 815 - 1532?
-616
In base 14, what is -1092c + -4?
-10932
In base 9, what is -3 - 648402?
-648405
In base 14, what is 3 + -2d86?
-2d83
In base 3, what is -102 - -21020201000?
21020200121
In base 4, what is -13012033 - 3?
-13012102
In base 14, what is 1 + 20757?
20758
In base 9, what is -106531 + 5?
-106525
In base 3, what is 21 - 2201?
-2110
In base 5, what is 1113420012 + 2?
1113420014
In base 8, what is 0 + 261433?
261433
In base 12, what is -56b136 - -2?
-56b134
In base 3, what is -22 - 10102122220?
-10102200012
In base 9, what is 328376 - -16?
328403
In base 4, what is -1111211 + 2?
-1111203
In base 11, what is -6 + -5384?
-538a
In base 13, what is -7845 + 92?
-7783
In base 8, what is -2407 + -140?
-2547
In base 3, what is 100 - -11011121022?
11011121122
In base 10, what is -2 - 1313?
-1315
In base 6, what is -3334 + -53?
-3431
In base 15, what is 14 + 4e7?
50b
In base 4, what is -2231 - -13003?
10112
In base 5, what is 14200422 + 2?
14200424
In base 5, what is 0 - -120043214?
120043214
In base 13, what is 44b9 + -1?
44b8
In base 3, what is -1 + 21120201?
21120200
In base 7, what is 6 + 12042?
12051
In base 4, what is -11 + 200120223?
200120212
In base 9, what is 218 + -2072?
-1753
In base 5, what is -40 - 14044?
-14134
In base 5, what is 222443240 + -1?
222443234
In base 2, what is -10111011001010010 + 100?
-10111011001001110
In base 16, what is -4 + -80f2b?
-80f2f
In base 8, what is 2552 + -207?
2343
In base 13, what is 64788 + -a?
6477b
In base 7, what is 5 - 11150261?
-11150253
In base 4, what is -21232 - 113?
-22011
In base 5, what is -1121410 + 10?
-1121400
In base 11, what is -2317 + -685?
-29a1
In base 5, what is -334 + 12140?
11301
In base 14, what is 1c + -92?
-74
In base 10, what is 34075 - -60?
34135
In base 2, what is -10111011100010 - 1010101?
-10111100110111
In base 4, what is -2 - -2323123?
2323121
In base 5, what is 10324124 + 3?
10324132
In base 7, what is 30 + -64121?
-64061
In base 5, what is -1401 - -1421?
20
In base 7, what is -4 - -134450?
134443
In base 15, what is -339 + -44?
-37d
In base 4, what is 0 + -10232103?
-10232103
In base 3, what is 1012101022202 + 1?
1012101022210
In base 14, what is -3 - -2d00?
2cdb
In base 2, what is -1010110000111 + 10001?
-1010101110110
In base 14, what is -4 - -466b?
4667
In base 10, what is -5 - 9985?
-9990
In base 5, what is 0 + 2232203?
2232203
In base 11, what is -690 - -250?
-440
In base 3, what is 10100011220 + 1?
10100011221
In base 15, what is 5 - e9d0?
-e9ca
In base 2, what is -110010101111101000 - -101?
-110010101111100011
In base 12, what is -7ab52 + -3?
-7ab55
In base 14, what is 1 - -237a?
237b
In base 10, what is 797334 + 4?
797338
In base 7, what is -1625 + 2060?
132
In base 8, what is -77515 - -2?
-77513
In base 7, what is 43303 - 1163?
42110
In base 9, what is 24865 - -5?
24871
In base 14, what is 5 + 3d51?
3d56
In base 8, what is -3760210 - 2?
-3760212
In base 7, what is 51 + -1?
50
In base 8, what is 1 + 4465?
4466
In base 8, what is 662463 + -3?
662460
In base 10, what is 9 + 5395?
5404
In base 4, what is -122 + -30112313?
-30113101
In base 16, what is -5 - -4df?
4da
In base 9, what is 2151 + 10?
2161
In base 9, what is -2760 + 27?
-2732
In base 11, what is -908 + -4a?
-957
In base 11, what is -13441 + 2a?
-13412
In base 8, what is 50 - -415450?
415520
In base 16, what is -27984 - 1?
-27985
In base 7, what is -513 + 6205?
5362
In base 3, what is -122112000020 - 0?
-122112000020
In base 2, what is 10001111 + -11100?
1110011
In base 12, what is 11 - -1742?
1753
In base 8, what is 2150 + -23?
2125
In base 2, what is -1110 - -10101001?
10011011
In base 3, what is 1 + -200102202?
-200102201
In base 16, what is 24b - 9?
242
In base 4, what is 2333021 + -11?
2333010
In base 5, what is 21413 - -33304?
110222
In base 11, what is 5 + -96596?
-96591
In base 2, what is 1 + -100011010001111010?
-100011010001111001
In base 11, what is -2a + 74995?
74966
In base 10, what is -107407 + -5?
-107412
In base 8, what is 345 - 16?
327
In base 4, what is 13222033221 - 2?
13222033213
In base 4, what is -202112 + 312?
-201200
In base 5, what is -10 + -30123024?
-30123034
In base 4, what is 2 - -12121210?
12121212
In base 12, what is -408 + 30?
-398
In base 7, what is -2161 - -614?
-1244
In base 11, what is 25 - -4893?
4908
In base 13, what is -227632 - 2?
-227634
In base 5, what is -43411 + 12144?
-31212
In base 3, what is -10020212010 + -2?
-10020212012
In base 5, what is -102 - 22402?
-23004
In base 10, what is 52185 + 3?
52188
In base 5, what is -22310323 - -3?
-22310320
In base 13, what is 2 - 68aa?
-68a8
In base 15, what is -9 - 3634?
-363d
In base 8, what is 2437 - -7?
2446
In base 7, what is 102 + -21045?
-20643
In base 7, what is 0 - -106522?
106522
In base 3, what is 20000121211011 + 1?
20000121211012
In base 8, what is 0 + 41562?
41562
In base 9, what is -20 + 7064?
7044
In base 6, what is -514 + -5240?
-10154
In base 15, what is 4 - -c703?
c707
In base 10, what is -4 - -24813?
24809
In base 8, what is 0 + -462?
-462
In base 6, w